hird derivative of 0*n - 1/3*n**3 - n**2 - 1/60*n**5 - 1/24*n**4 + w. Calculate o(-3).
-8
Let o(l) = -l + 3. Suppose 0 = 4*x - 2*g + 18, -5*x + 5*g - 24 = 3*g. Give o(x).
9
Let l = -23 + 39. Let z = 18 - l. Let g(n) = 3*n - 2. Calculate g(z).
4
Let j(m) = -m - 6. Let r(y) = -y - 7. Let k(x) = -4*j(x) + 3*r(x). Determine k(-5).
-2
Let y(w) = w**3 + 10*w**2 - 14*w. Let t be y(-11). Let v(c) = -3*c + t + c**2 - 43 - 3*c. Give v(8).
6
Let b(w) be the second derivative of w**6/240 - w**5/120 - 3*w**4/4 + 5*w. Let j(p) be the third derivative of b(p). Calculate j(-2).
-7
Let p(a) = 3*a - 1. Let s = 1 - 1. Suppose 0*x + 3*x - 6 = s. Give p(x).
5
Let d(c) = 3*c**3 - 5*c**2 - 3*c. Let a(n) = -4*n**3 + 6*n**2 + 4*n. Let h(g) = 4*a(g) + 5*d(g). Give h(-2).
2
Let t(s) = -5*s + 4. Let f(u) = 4*u - 4. Let d(x) = -7*f(x) - 6*t(x). Let z be ((-9)/(-6))/(2/4). Suppose -y - z = -0. Calculate d(y).
-2
Suppose 0 = -2*n + 4*n - 8. Suppose 2*x - n*x = 3*l - 10, l - 4 = 0. Let d(z) = -z**3 + z + 1. Give d(x).
1
Let j(a) = a**3 - 5*a**2 + 2*a + 2. Let i be -1 + 2 - 12/(-6). Calculate j(i).
-10
Suppose -l - 3*l = 52. Let p(j) = -7*j**3 + 7*j**2 + j + 10. Let t(f) = 15*f**3 - 15*f**2 - 2*f - 21. Let u(c) = l*p(c) - 6*t(c). Give u(3).
11
Suppose 0 = -2*k - k + 2*s + 25, 5*s + 45 = 4*k. Let l(u) = -1 + 5*u - k*u + u. Calculate l(-6).
-7
Let w(m) = -m + 17. Let z be w(21). Let r(c) be the third derivative of c**5/30 + 5*c**4/24 - c**3/2 + c**2. Calculate r(z).
9
Let z(o) = -o + 3 + 6 - 3. Let j be (-5 + 6)/(1/3). Suppose -j*v - 25 = -8*v. Determine z(v).
1
Let u(q) = -q. Let a(n) = 8*n + 3. Let w(o) = a(o) + 6*u(o). What is w(7)?
17
Let z(n) = 4*n**3 - n**2 - 6*n - 5. Let p(t) = -7*t**3 + 2*t**2 + 11*t + 9. Let l(q) = 3*p(q) + 5*z(q). Determine l(-2).
8
Let k(j) = 2*j + j - 4*j. Let u be 2/(-1)*3/2. Let v = u + 2. Calculate k(v).
1
Let o(b) = b**3 + 7*b**2 + 7*b + 6. Suppose 4*t - 2*y = -30, -y - 15 = -6*y. Let x be o(t). Let l(f) = -f**2 - f - 3. Calculate l(x).
-3
Let z(x) = 4*x**2 - 1. Let r be z(-1). Let i(n) = 3 + 0 - 4200*n + 4202*n. What is i(r)?
9
Let i(c) be the first derivative of c**2/2 + 4*c - 2. Let j be 9/12*(-2 + -2). Determine i(j).
1
Let t(a) = 0 + 3 + 3 - a - 2. Determine t(7).
-3
Let u be (-4)/(-6) + (-44)/(-6). Suppose 3*q = -2*q + 5, 4*q = -2*f + u. Let b(a) = 6*a**2 - 1 - 3 - 3*a**2 - 4*a**f + 4*a. Determine b(4).
-4
Let m(x) be the third derivative of x**5/60 + x**4/6 - x**3/2 + 3*x**2. Let a = 2 + -6. Determine m(a).
-3
Suppose -5*z = -z + 12. Let p(b) be the third derivative of b**5/120 + 7*b**4/24 - b**3/6 + 3*b**2. Let s(f) be the first derivative of p(f). Give s(z).
4
Let z(j) = j**3 - 5*j**2 - 5*j - 1. Let s be (-3)/(60/(-124)) - 3/15. Calculate z(s).
5
Let m(w) = 2*w + 3 + 1 - 1 + 2*w. Calculate m(-2).
-5
Suppose m + 12 = 2*l, -5*m - l + 5*l = 42. Let k(s) = s**3 + 7*s**2 + 4*s - 6. Calculate k(m).
6
Let z(t) be the second derivative of 7/2*t**2 + 1/3*t**4 + 1/20*t**5 + 0 - 1/2*t**3 + 6*t. Determine z(-5).
-3
Suppose 0 = 4*y - 18 + 2. Let a(h) = -2 - 3*h - 3*h + 1. Let o(d) = -13*d - 3. Let t(i) = -9*a(i) + 4*o(i). What is t(y)?
5
Let b(z) = -4 + z**2 + 2 + 3 + 1 - 3*z. Give b(3).
2
Let z = 14 + -14. Let f(i) = i**3 - i**2 - i - 5. What is f(z)?
-5
Let j be 15/4 + (-1)/(-4). Let w(c) = -c + 1. Let o(x) = -4*x + 6. Let a(u) = o(u) - 5*w(u). What is a(j)?
5
Suppose 5*a - 10 + 50 = 0. Let x be a/28 + (-19)/7. Let f(t) = 2*t. What is f(x)?
-6
Suppose 3*r + 0*r - 28 = -2*q, 0 = -5*r + 4*q + 10. Let y be (9/r)/((-3)/4). Let j(a) = -3*a - 3. What is j(y)?
3
Let i(o) = -2 + 2*o + 6*o**2 - o**3 - 15*o**2 + 6 - 10*o. Calculate i(-8).
4
Let v(n) = -2*n**2 - 2*n + 2. Suppose -5*t = -5 + 15. Determine v(t).
-2
Let f(c) = 5*c**3 - 6*c - 12*c**3 + 6*c**3 - 5*c**2. Calculate f(-4).
8
Let z(b) = -b**3 + 3*b**2 - 2*b + 1. Let y = 0 - 0. Let c = y + 3. Give z(c).
-5
Let s(l) be the third derivative of -l**6/6 + l**3/6 + 12*l**2. What is s(-1)?
21
Let z(a) = -a**3 + 5*a**2 + 7*a + 1. Let r(x) = -3*x - 2. Let b be r(3). Let m = b - -17. Calculate z(m).
7
Let w(x) be the first derivative of x**2 - x + 1. Determine w(-1).
-3
Let a(s) be the second derivative of s**3/6 + 9*s**2/2 + s. Suppose -5*k - 3 = 32. Let x be a(k). Let v(l) = -l**3 + 3*l**2 - 2. Calculate v(x).
2
Let i be (-16)/5*30/(-12). Let f(r) = r**3 - 8*r**2 + 4. Calculate f(i).
4
Let d(v) be the first derivative of -v**4/24 - 5*v**3/6 - 2*v**2 - 3. Let a(m) be the second derivative of d(m). Calculate a(-4).
-1
Suppose -16 = k + 3*k. Let z(j) = -j**2 - 2*j - 5. Calculate z(k).
-13
Let b(f) = f**2 - 3*f + 4. Let v be b(3). Let t(h) be the second derivative of 1/2*h**2 + 0 + 2*h - 5/12*h**4 + 2/3*h**3 + 1/20*h**5. Give t(v).
1
Let h(r) = r**2 - 8*r + 12. Let o be h(6). Let d(b) = -b**2 + b + 8. Give d(o).
8
Let n = -6 + 2. Let i = n - -5. Let w(d) = 5*d**2 - d + 1. Give w(i).
5
Let n(t) = -14*t**2 + 29*t - 8. Let j(x) = -5*x**2 + 10*x - 3. Let f(z) = 11*j(z) - 4*n(z). Calculate f(6).
-1
Let h(u) = -u**2 - 1. Let v(i) = i**3 - 8*i**2 + 6*i + 5. Let p be v(7). What is h(p)?
-5
Let c(i) be the first derivative of i**2/2 - 22. Calculate c(-6).
-6
Let n(y) be the second derivative of y**5/20 - y**4/2 - y**3/6 + 5*y**2/2 - 9*y + 5. Determine n(6).
-1
Let w(m) = 20*m**2 - 29*m + 29. Let l(j) = 7*j**2 - 10*j + 10. Let b(n) = -17*l(n) + 6*w(n). Give b(5).
9
Let m(l) = -4*l**3 + 2*l**2 - 1. Let p(o) = o + 10. Suppose 4*w = -0*w + 20. Let a(y) = -2*y - 19. Let r(h) = w*p(h) + 3*a(h). Let i be r(-6). Calculate m(i).
5
Let a(t) be the second derivative of t**5/20 + t**4/12 + t**3/3 - t. Let r = -7 + 9. Suppose -6*h = -r*h + 8. What is a(h)?
-8
Let h(w) = -7*w. Suppose 5 = 2*m + 3*m. Determine h(m).
-7
Let q be 6 + -7 + -1 + -7. Let j = q + 14. Let g(c) = c**3 - 5*c**2 - 2*c. Give g(j).
-10
Let v(b) = -b. Let n(s) = 2*s - 1. Let j(w) = -n(w) - v(w). Let k be 3/((-33)/24 - -1). Let o = -11 - k. Give j(o).
4
Let n(y) = -8*y - 2 + 0*y + 10*y. What is n(-3)?
-8
Let n(g) = g**2 - 13*g + 10. Let f(i) = -i + 1. Let x(p) = -6*f(p) + n(p). What is x(6)?
-2
Suppose 3*k - t = 1, 2*k - 6*k + 4*t + 4 = 0. Suppose -3*r + 4*l + 7 = 2*l, 2*r + 4*l - 10 = k. Let c(g) = 0*g - g + 1 + 0*g. Give c(r).
-2
Let i = -5 + 6. Let p(r) = i + r**3 - 7*r**2 + 12*r**2 - 4*r - 4 - 4*r. Determine p(-6).
9
Let m(g) = -g**3 + g**2 - 2*g + 2. Suppose 4*t = -t + 10. What is m(t)?
-6
Let j(n) = n - 5. Suppose 5*q = 2*d - 48, 3*d - 11 = -3*q + 61. Let l be (1 + -2)/((-6)/d). Determine j(l).
-1
Let c(x) = x**3 - 6*x**2 + 3*x + 3. Let k be ((-1)/2)/((-2)/(-4)). Let q be k/3 + (-16)/(-3). Determine c(q).
-7
Let n(y) be the second derivative of y**5/20 - 5*y**4/12 + y**3/3 - 10*y. What is n(4)?
-8
Let f(x) = x**3 - 4*x**2 - 3. Let o = 25 + 5. Suppose 5*v - 10 - o = 0. Let a be 2/v - (-90)/24. What is f(a)?
-3
Suppose -4*r = -10 - 2. Suppose -2*q + 11 - r = 0. Let u(w) be the third derivative of -w**6/120 + w**5/12 - 7*w**4/24 + w**3 + 19*w**2. Calculate u(q).
-6
Let t(z) = -5*z**3 + z. Suppose 0 = -0*g + 3*g + 3*h - 42, 2*g - 3*h - 18 = 0. Let s = -10 + g. Suppose -m - 1 = -s. What is t(m)?
-4
Let u(i) = -18*i + i**2 - 1 + 9*i + 14*i. What is u(-5)?
-1
Let n(o) = -o**2 - o + 2. Let t be 5/20*(-4 - -4). Give n(t).
2
Let m be -1*(-2*2 - -1). Suppose 0 = o + 4*i - 8, -2*o + m*i - 8 = -i. Let d(a) = a**2 + 4*a**2 - 6*a**2. Give d(o).
0
Let t(a) be the second derivative of a**8/2240 - a**7/2520 + a**6/720 + a**5/120 - a**4/6 + a. Let h(z) be the third derivative of t(z). What is h(-1)?
-4
Let b(w) be the first derivative of 5/2*w**2 - w - 1. Give b(1).
4
Let m(l) = -3*l - 1. Let z be 1/(-5) + (-21)/(-5). Suppose 2*j = -4*c - 0*c + 6, 36 = z*c - 4*j. Suppose c*a + 0*a = 4. Calculate m(a).
-4
Let v(i) = -9*i + 2 - 7 - 4 + 11*i. Give v(8).
7
Let u(c) = 7*c - 4. Let x(g) = 1. Let n(z) = -u(z) - 4*x(z). Give n(2).
-14
Let w(i) = -i - 11 + 2*i**3 + 12 - 3*i**3 - 4*i**2. Calculate w(-4).
5
Suppose 8 = -2*g - 2. Let b(p) be the second derivative of p**6/360 + p**5/60 + p**4/6 - 9*p. Let w(h) be the third derivative of b(h). Calculate w(g).
-8
Let w(f) = -3*f - 2. Suppose 2*g = -3*s, 3*g = -2*s + 5 - 0. What is w(g)?
-11
Let y(a) be the second derivative of -1/6*a**3 + 8*a + 5/2*a**2 - 1/12*a**4 + 0. Give y(4).
-15
Suppose 4*r + 15 = r. Let g(u) be the second derivativ